{"id":11564,"date":"2022-05-03T09:48:13","date_gmt":"2022-05-03T07:48:13","guid":{"rendered":"https:\/\/www.projectimmo-france.com\/?page_id=11564"},"modified":"2022-05-03T14:00:20","modified_gmt":"2022-05-03T12:00:20","slug":"peinture","status":"publish","type":"page","link":"https:\/\/www.projectimmo-france.com\/index.php\/peinture\/","title":{"rendered":"Peinture"},"content":{"rendered":"\n<h2 class=\"wp-block-heading\">Peinture<\/h2>\n\n\n\n<p>De la r\u00e9paration murale (fissures, pon\u00e7ages, enduits et sous-couches) \u00e0 l&rsquo;application de couches de peintures,\u00a0<strong>Project&rsquo;immo-France<\/strong>\u00a0saura vous conseiller dans le choix de vos mat\u00e9riaux et vous offre une qualit\u00e9 de service irr\u00e9prochable. Nos peintres sont des \u00ab\u00a0artistes\u00a0\u00bb\u00a0! <\/p>\n\n\n\n<p>Peintures \u00e0 l&rsquo;eau, \u00e0 l&rsquo;acrylique ou \u00e0 l&rsquo;huile, mates, satin\u00e9es, brillantes et autres, nous vous offrons un large choix de produits de qualit\u00e9.<\/p>\n\n\n\n<div class=\"wp-block-columns is-layout-flex wp-container-core-columns-is-layout-9d6595d7 wp-block-columns-is-layout-flex\">\n<div class=\"wp-block-column is-layout-flow wp-block-column-is-layout-flow\">\n<figure class=\"wp-block-image size-large\"><img loading=\"lazy\" decoding=\"async\" width=\"681\" height=\"1024\" src=\"https:\/\/www.projectimmo-france.com\/wp-content\/uploads\/2022\/05\/painter-g9f40c0d2f_1920-681x1024.jpg\" alt=\"\" class=\"wp-image-11614\" srcset=\"https:\/\/www.projectimmo-france.com\/wp-content\/uploads\/2022\/05\/painter-g9f40c0d2f_1920-681x1024.jpg 681w, https:\/\/www.projectimmo-france.com\/wp-content\/uploads\/2022\/05\/painter-g9f40c0d2f_1920-200x300.jpg 200w, https:\/\/www.projectimmo-france.com\/wp-content\/uploads\/2022\/05\/painter-g9f40c0d2f_1920-768x1155.jpg 768w, https:\/\/www.projectimmo-france.com\/wp-content\/uploads\/2022\/05\/painter-g9f40c0d2f_1920-1022x1536.jpg 1022w, https:\/\/www.projectimmo-france.com\/wp-content\/uploads\/2022\/05\/painter-g9f40c0d2f_1920.jpg 1277w\" sizes=\"auto, (max-width: 681px) 100vw, 681px\" \/><\/figure>\n<\/div>\n\n\n\n<div class=\"wp-block-column is-layout-flow wp-block-column-is-layout-flow\">\n<figure class=\"wp-block-image size-large\"><img loading=\"lazy\" decoding=\"async\" width=\"681\" height=\"1024\" src=\"https:\/\/www.projectimmo-france.com\/wp-content\/uploads\/2022\/05\/painter-g4df05f01e_1920-681x1024.jpg\" alt=\"\" class=\"wp-image-11615\" srcset=\"https:\/\/www.projectimmo-france.com\/wp-content\/uploads\/2022\/05\/painter-g4df05f01e_1920-681x1024.jpg 681w, https:\/\/www.projectimmo-france.com\/wp-content\/uploads\/2022\/05\/painter-g4df05f01e_1920-200x300.jpg 200w, https:\/\/www.projectimmo-france.com\/wp-content\/uploads\/2022\/05\/painter-g4df05f01e_1920-768x1155.jpg 768w, https:\/\/www.projectimmo-france.com\/wp-content\/uploads\/2022\/05\/painter-g4df05f01e_1920-1022x1536.jpg 1022w, https:\/\/www.projectimmo-france.com\/wp-content\/uploads\/2022\/05\/painter-g4df05f01e_1920.jpg 1277w\" sizes=\"auto, (max-width: 681px) 100vw, 681px\" \/><\/figure>\n<\/div>\n<\/div>\n","protected":false},"excerpt":{"rendered":"<p>Peinture De la r\u00e9paration murale (fissures, pon\u00e7ages, enduits et sous-couches) \u00e0 l&rsquo;application de couches de peintures,\u00a0Project&rsquo;immo-France\u00a0saura vous conseiller dans le choix de vos mat\u00e9riaux et vous offre une qualit\u00e9 de service irr\u00e9prochable. Nos peintres sont des \u00ab\u00a0artistes\u00a0\u00bb\u00a0! Peintures \u00e0 l&rsquo;eau, \u00e0 l&rsquo;acrylique ou \u00e0 l&rsquo;huile, mates, satin\u00e9es, brillantes et autres, nous vous offrons un large &hellip; <a href=\"https:\/\/www.projectimmo-france.com\/index.php\/peinture\/\" class=\"more-link\">Continue reading <span class=\"screen-reader-text\">Peinture<\/span><\/a><\/p>\n","protected":false},"author":1,"featured_media":0,"parent":0,"menu_order":0,"comment_status":"closed","ping_status":"closed","template":"elementor_theme","meta":{"footnotes":""},"class_list":["post-11564","page","type-page","status-publish","hentry"],"yoast_head":"<!-- This site is optimized with the Yoast SEO plugin v18.1 - https:\/\/yoast.com\/wordpress\/plugins\/seo\/ -->\n<title>Peinture - Project&#039;immo<\/title>\n<meta name=\"description\" content=\"De la r\u00e9paration murale (fissures, pon\u00e7ages, enduits et sous-couches) \u00e0 l&#039;application de couches de peintures, Project&#039;immo-France saura vous conseiller dans le choix de vos mat\u00e9riaux et vous offre une qualit\u00e9 de service irr\u00e9prochable. Nos peintres sont des \u00ab artistes \u00bb ! Peintures \u00e0 l&#039;eau, \u00e0 l&#039;acrylique ou \u00e0 l&#039;huile, mates, satin\u00e9es, brillantes et autres, nous vous offrons un large choix de produits de qualit\u00e9.\" \/>\n<meta name=\"robots\" content=\"index, follow, max-snippet:-1, max-image-preview:large, max-video-preview:-1\" \/>\n<link rel=\"canonical\" href=\"https:\/\/www.projectimmo-france.com\/index.php\/peinture\/\" \/>\n<meta property=\"og:locale\" content=\"fr_FR\" \/>\n<meta property=\"og:type\" content=\"article\" \/>\n<meta property=\"og:title\" content=\"Peinture - Project&#039;immo\" \/>\n<meta property=\"og:description\" content=\"De la r\u00e9paration murale (fissures, pon\u00e7ages, enduits et sous-couches) \u00e0 l&#039;application de couches de peintures, Project&#039;immo-France saura vous conseiller dans le choix de vos mat\u00e9riaux et vous offre une qualit\u00e9 de service irr\u00e9prochable. Nos peintres sont des \u00ab artistes \u00bb ! Peintures \u00e0 l&#039;eau, \u00e0 l&#039;acrylique ou \u00e0 l&#039;huile, mates, satin\u00e9es, brillantes et autres, nous vous offrons un large choix de produits de qualit\u00e9.\" \/>\n<meta property=\"og:url\" content=\"https:\/\/www.projectimmo-france.com\/index.php\/peinture\/\" \/>\n<meta property=\"og:site_name\" content=\"Project&#039;immo\" \/>\n<meta property=\"article:modified_time\" content=\"2022-05-03T12:00:20+00:00\" \/>\n<meta property=\"og:image\" content=\"https:\/\/www.projectimmo-france.com\/wp-content\/uploads\/2022\/05\/painter-g9f40c0d2f_1920-681x1024.jpg\" \/>\n<meta name=\"twitter:card\" content=\"summary_large_image\" \/>\n<meta name=\"twitter:label1\" content=\"Dur\u00e9e de lecture estim\u00e9e\" \/>\n\t<meta name=\"twitter:data1\" content=\"1 minute\" \/>\n<script type=\"application\/ld+json\" class=\"yoast-schema-graph\">{\"@context\":\"https:\/\/schema.org\",\"@graph\":[{\"@type\":\"WebSite\",\"@id\":\"https:\/\/www.projectimmo-france.com\/#website\",\"url\":\"https:\/\/www.projectimmo-france.com\/\",\"name\":\"Project&#039;immo\",\"description\":\"R\u00e9novation, travaux, optimisation, conseil immobilier Malakoff Paris\",\"potentialAction\":[{\"@type\":\"SearchAction\",\"target\":{\"@type\":\"EntryPoint\",\"urlTemplate\":\"https:\/\/www.projectimmo-france.com\/?s={search_term_string}\"},\"query-input\":\"required name=search_term_string\"}],\"inLanguage\":\"fr-FR\"},{\"@type\":\"ImageObject\",\"@id\":\"https:\/\/www.projectimmo-france.com\/index.php\/peinture\/#primaryimage\",\"inLanguage\":\"fr-FR\",\"url\":\"https:\/\/www.projectimmo-france.com\/wp-content\/uploads\/2022\/05\/painter-g9f40c0d2f_1920.jpg\",\"contentUrl\":\"https:\/\/www.projectimmo-france.com\/wp-content\/uploads\/2022\/05\/painter-g9f40c0d2f_1920.jpg\",\"width\":1277,\"height\":1920},{\"@type\":\"WebPage\",\"@id\":\"https:\/\/www.projectimmo-france.com\/index.php\/peinture\/#webpage\",\"url\":\"https:\/\/www.projectimmo-france.com\/index.php\/peinture\/\",\"name\":\"Peinture - Project&#039;immo\",\"isPartOf\":{\"@id\":\"https:\/\/www.projectimmo-france.com\/#website\"},\"primaryImageOfPage\":{\"@id\":\"https:\/\/www.projectimmo-france.com\/index.php\/peinture\/#primaryimage\"},\"datePublished\":\"2022-05-03T07:48:13+00:00\",\"dateModified\":\"2022-05-03T12:00:20+00:00\",\"description\":\"De la r\u00e9paration murale (fissures, pon\u00e7ages, enduits et sous-couches) \u00e0 l'application de couches de peintures, Project'immo-France saura vous conseiller dans le choix de vos mat\u00e9riaux et vous offre une qualit\u00e9 de service irr\u00e9prochable. Nos peintres sont des \u00ab artistes \u00bb ! Peintures \u00e0 l'eau, \u00e0 l'acrylique ou \u00e0 l'huile, mates, satin\u00e9es, brillantes et autres, nous vous offrons un large choix de produits de qualit\u00e9.\",\"breadcrumb\":{\"@id\":\"https:\/\/www.projectimmo-france.com\/index.php\/peinture\/#breadcrumb\"},\"inLanguage\":\"fr-FR\",\"potentialAction\":[{\"@type\":\"ReadAction\",\"target\":[\"https:\/\/www.projectimmo-france.com\/index.php\/peinture\/\"]}]},{\"@type\":\"BreadcrumbList\",\"@id\":\"https:\/\/www.projectimmo-france.com\/index.php\/peinture\/#breadcrumb\",\"itemListElement\":[{\"@type\":\"ListItem\",\"position\":1,\"name\":\"Accueil\",\"item\":\"https:\/\/www.projectimmo-france.com\/\"},{\"@type\":\"ListItem\",\"position\":2,\"name\":\"Peinture\"}]}]}<\/script>\n<!-- \/ Yoast SEO plugin. -->","yoast_head_json":{"title":"Peinture - Project&#039;immo","description":"De la r\u00e9paration murale (fissures, pon\u00e7ages, enduits et sous-couches) \u00e0 l'application de couches de peintures, Project'immo-France saura vous conseiller dans le choix de vos mat\u00e9riaux et vous offre une qualit\u00e9 de service irr\u00e9prochable. Nos peintres sont des \u00ab artistes \u00bb ! Peintures \u00e0 l'eau, \u00e0 l'acrylique ou \u00e0 l'huile, mates, satin\u00e9es, brillantes et autres, nous vous offrons un large choix de produits de qualit\u00e9.","robots":{"index":"index","follow":"follow","max-snippet":"max-snippet:-1","max-image-preview":"max-image-preview:large","max-video-preview":"max-video-preview:-1"},"canonical":"https:\/\/www.projectimmo-france.com\/index.php\/peinture\/","og_locale":"fr_FR","og_type":"article","og_title":"Peinture - Project&#039;immo","og_description":"De la r\u00e9paration murale (fissures, pon\u00e7ages, enduits et sous-couches) \u00e0 l'application de couches de peintures, Project'immo-France saura vous conseiller dans le choix de vos mat\u00e9riaux et vous offre une qualit\u00e9 de service irr\u00e9prochable. Nos peintres sont des \u00ab artistes \u00bb ! Peintures \u00e0 l'eau, \u00e0 l'acrylique ou \u00e0 l'huile, mates, satin\u00e9es, brillantes et autres, nous vous offrons un large choix de produits de qualit\u00e9.","og_url":"https:\/\/www.projectimmo-france.com\/index.php\/peinture\/","og_site_name":"Project&#039;immo","article_modified_time":"2022-05-03T12:00:20+00:00","og_image":[{"url":"https:\/\/www.projectimmo-france.com\/wp-content\/uploads\/2022\/05\/painter-g9f40c0d2f_1920-681x1024.jpg"}],"twitter_card":"summary_large_image","twitter_misc":{"Dur\u00e9e de lecture estim\u00e9e":"1 minute"},"schema":{"@context":"https:\/\/schema.org","@graph":[{"@type":"WebSite","@id":"https:\/\/www.projectimmo-france.com\/#website","url":"https:\/\/www.projectimmo-france.com\/","name":"Project&#039;immo","description":"R\u00e9novation, travaux, optimisation, conseil immobilier Malakoff Paris","potentialAction":[{"@type":"SearchAction","target":{"@type":"EntryPoint","urlTemplate":"https:\/\/www.projectimmo-france.com\/?s={search_term_string}"},"query-input":"required name=search_term_string"}],"inLanguage":"fr-FR"},{"@type":"ImageObject","@id":"https:\/\/www.projectimmo-france.com\/index.php\/peinture\/#primaryimage","inLanguage":"fr-FR","url":"https:\/\/www.projectimmo-france.com\/wp-content\/uploads\/2022\/05\/painter-g9f40c0d2f_1920.jpg","contentUrl":"https:\/\/www.projectimmo-france.com\/wp-content\/uploads\/2022\/05\/painter-g9f40c0d2f_1920.jpg","width":1277,"height":1920},{"@type":"WebPage","@id":"https:\/\/www.projectimmo-france.com\/index.php\/peinture\/#webpage","url":"https:\/\/www.projectimmo-france.com\/index.php\/peinture\/","name":"Peinture - Project&#039;immo","isPartOf":{"@id":"https:\/\/www.projectimmo-france.com\/#website"},"primaryImageOfPage":{"@id":"https:\/\/www.projectimmo-france.com\/index.php\/peinture\/#primaryimage"},"datePublished":"2022-05-03T07:48:13+00:00","dateModified":"2022-05-03T12:00:20+00:00","description":"De la r\u00e9paration murale (fissures, pon\u00e7ages, enduits et sous-couches) \u00e0 l'application de couches de peintures, Project'immo-France saura vous conseiller dans le choix de vos mat\u00e9riaux et vous offre une qualit\u00e9 de service irr\u00e9prochable. Nos peintres sont des \u00ab artistes \u00bb ! Peintures \u00e0 l'eau, \u00e0 l'acrylique ou \u00e0 l'huile, mates, satin\u00e9es, brillantes et autres, nous vous offrons un large choix de produits de qualit\u00e9.","breadcrumb":{"@id":"https:\/\/www.projectimmo-france.com\/index.php\/peinture\/#breadcrumb"},"inLanguage":"fr-FR","potentialAction":[{"@type":"ReadAction","target":["https:\/\/www.projectimmo-france.com\/index.php\/peinture\/"]}]},{"@type":"BreadcrumbList","@id":"https:\/\/www.projectimmo-france.com\/index.php\/peinture\/#breadcrumb","itemListElement":[{"@type":"ListItem","position":1,"name":"Accueil","item":"https:\/\/www.projectimmo-france.com\/"},{"@type":"ListItem","position":2,"name":"Peinture"}]}]}},"_links":{"self":[{"href":"https:\/\/www.projectimmo-france.com\/index.php\/wp-json\/wp\/v2\/pages\/11564","targetHints":{"allow":["GET"]}}],"collection":[{"href":"https:\/\/www.projectimmo-france.com\/index.php\/wp-json\/wp\/v2\/pages"}],"about":[{"href":"https:\/\/www.projectimmo-france.com\/index.php\/wp-json\/wp\/v2\/types\/page"}],"author":[{"embeddable":true,"href":"https:\/\/www.projectimmo-france.com\/index.php\/wp-json\/wp\/v2\/users\/1"}],"replies":[{"embeddable":true,"href":"https:\/\/www.projectimmo-france.com\/index.php\/wp-json\/wp\/v2\/comments?post=11564"}],"version-history":[{"count":2,"href":"https:\/\/www.projectimmo-france.com\/index.php\/wp-json\/wp\/v2\/pages\/11564\/revisions"}],"predecessor-version":[{"id":11616,"href":"https:\/\/www.projectimmo-france.com\/index.php\/wp-json\/wp\/v2\/pages\/11564\/revisions\/11616"}],"wp:attachment":[{"href":"https:\/\/www.projectimmo-france.com\/index.php\/wp-json\/wp\/v2\/media?parent=11564"}],"curies":[{"name":"wp","href":"https:\/\/api.w.org\/{rel}","templated":true}]}}